 the prime factors of p.
13, 29
Let k(l) = 11*l**2 + 38*l + 121. List the prime factors of k(-22).
11, 419
Suppose 0*v = 5*v - r - 1787, 4*v + 2*r = 1438. What are the prime factors of (v/(-6))/(250/(-30) + 8)?
179
Suppose 6*b - b = -4*t + 41, 12 = -2*t + 4*b. Suppose 0 = 5*u + 1 - 11, -3*v = -t*u + 5. What are the prime factors of 0/4 - (-131)/v?
131
Let p(r) be the third derivative of -1/6*r**4 + 0*r - 45*r**2 + 2/15*r**5 - 5/3*r**3 + 0. What are the prime factors of p(5)?
2, 5, 17
Let w(o) = -o - 15. Let i be w(-18). Suppose -4*x + 604 = i*l, -3*x - l - 4*l + 464 = 0. List the prime factors of (x/(-6) - -4)*45/(-6).
5, 31
List the prime factors of (-1 + (-3)/(-6))*(-8137 + (-198)/(-18)).
17, 239
Let l = 279 - -4857. What are the prime factors of l?
2, 3, 107
Let h be (1 - 3)/(-2*3/36). Let a be (128/h)/((-2)/6 + 1). Suppose 0 = 39*t - 38*t - a. What are the prime factors of t?
2
Let m(a) = 561*a**2 + 20*a + 297. What are the prime factors of m(-11)?
2, 11, 3089
Suppose -4*s - 12 - 18 = -5*j, 0 = -s - 5*j + 5. Let f(x) = -376*x + 16. Let y be f(s). Suppose 4*v - y = -4*v. List the prime factors of v.
3, 79
Suppose 0 = -2*g - 3*m + 105356, m - 223719 = -3*g - 65692. List the prime factors of g.
5, 7, 43
Let s = 152 + -133. Let t be (4 - s)/(0 + -1). Let n = t + 254. What are the prime factors of n?
269
Suppose 4*c - 848 = -3*p, -848 = -3*c - c + 4*p. Let k = c - -12. Suppose 4*q - k = -4*q. List the prime factors of q.
2, 7
Suppose 8*c - 1860 = c + 217352. List the prime factors of c.
2, 7829
List the prime factors of (245060/(-12) + 2)/((55/33)/(-5)).
11, 5569
Let l(m) = -383*m + 819. What are the prime factors of l(-16)?
6947
Suppose 4*a - 5*i = 96510, -a + 29443 - 5310 = -4*i. List the prime factors of a.
5, 193
Suppose -m + 6 + 9 = 0. Let z = -38 + 32. Let v = m + z. List the prime factors of v.
3
Let k = -71574 - -111716. List the prime factors of k.
2, 20071
Let a = 535 - 531. Suppose x + v = 1129, 3*x + 1205 - 4613 = a*v. List the prime factors of x.
2, 283
Suppose -11*o + 8*o = -6. Suppose -2*x = x + 2*r - 1109, -o*r = -2*x + 736. List the prime factors of x.
3, 41
Let l be 5346/12 - 5 - (-9)/(-6). Suppose -d + l = -474. What are the prime factors of d?
11, 83
Suppose -4*j = -5*s + 61, 0 = -2*s + 3*j + 10 + 13. Let k = s + -8. Suppose -266 = -k*h + 474. List the prime factors of h.
2, 37
Let a(p) = -7*p + 3. Let n = 1 + -1. Let m be a(n). Suppose -2*o + m*o = 89. List the prime factors of o.
89
Let n be ((-33)/(-11))/((-3)/(-2) + -1). List the prime factors of 208/6*126/n.
2, 7, 13
Let c(r) = 742*r - 1974. What are the prime factors of c(17)?
2, 5, 7, 19
Suppose -5*w + 10*l - 7*l + 138745 = 0, -w - 6*l = -27749. List the prime factors of w.
27749
Let x = 16117 - 11283. Suppose 1235 = 17*y - x. What are the prime factors of y?
3, 7, 17
Let t(s) = -2*s**3 - 5*s**2 + 4. Let f be t(-5). Let r = 131 - f. Suppose -4*j = -k + 101, 2*j = -6*k + r*k + 494. List the prime factors of k.
11
Let h(d) = d**3 - 19*d**2 + 13*d + 8. Let i be 35*12/30 + 5. List the prime factors of h(i).
3, 5, 17
Let l(p) = 2*p - 16. Let w be l(10). Suppose 0 = 2*h + 2 + w, 4*h = -2*y - 8. List the prime factors of (-49)/y*(-22 + 20).
7
Suppose -45 + 94 = 7*o. Suppose -960 = -o*a + 538. What are the prime factors of a?
2, 107
Suppose 2*x = 13*x + 3*x. Suppose x = -h + b + 1268, -11*b + 9*b - 3803 = -3*h. What are the prime factors of h?
7, 181
Let t be (10/5)/(2/4). Suppose 0*i - 24 = t*i. What are the prime factors of ((-9)/6)/(i/224)?
2, 7
Let l(n) = 10*n**2 - 18*n + 24. Let g(s) = -s**2 + s + 28. Let w be g(5). List the prime factors of l(w).
2, 5, 13
Let s(l) = l**2 - 5*l + 28. Suppose 4*k = -4*c + 8, 0*c - 2*c + 4 = 4*k. Suppose k = -11*r + 7 + 125. What are the prime factors of s(r)?
2, 7
Suppose -3*f + 0*k = -5*k + 10893, k + 18183 = -5*f. What are the prime factors of (2/(4 + f/908))/(-1)?
2, 227
What are the prime factors of (360/(-108))/((-1)/(-3)) - -12921?
12911
Let d = -19 + 21. Suppose -a - 3*g + 23 = 0, d*g + 0*g = 4*a - 64. Let s = a - -86. List the prime factors of s.
103
Suppose 0 = 5*g - 14 + 9. Let p be g/((-10)/(-4))*1130/2. Suppose -46 + p = 5*v. What are the prime factors of v?
2, 3
Suppose 4*z + 8 = 8*z. Suppose -4*m + 1320 = z*v, 3*v + 1650 = 5*m + 8*v. Let g = m + -226. List the prime factors of g.
2, 13
Let h(r) = -2*r**2 + 147*r - 291. Let n(b) = b**2 - 73*b + 145. Let j(q) = 3*h(q) + 5*n(q). What are the prime factors of j(54)?
2, 5, 13
Let g(l) = 3*l**2 + 3*l - 5. Let j be g(-9). Let i = 418 - j. Suppose 4*h - i = 3*h. List the prime factors of h.
3, 23
Suppose -x + 29 = 5*b, 0*b + 3*b - 5*x = -5. Suppose 0 = -0*v - 2*v + 5*t + 1092, v + b*t = 561. List the prime factors of v.
19, 29
Let f(l) = 2305*l + 5709. List the prime factors of f(14).
163, 233
Let y = -2199 + 934. What are the prime factors of -5*(2 + y/25)?
3
Suppose 10*t = -26 - 4. Let v be 6/t*(-10)/(-20). List the prime factors of v + 15/3 - 402/(-3).
2, 3, 23
Suppose -43*u + 15081 = -41*u - 1095. What are the prime factors of u?
2, 3, 337
Suppose 41 - 71 = -6*s. Suppose -s*d = u - 1728, -d + 2*u + 352 = -u. What are the prime factors of d?
2, 173
Let s = 21934 - 14664. List the prime factors of s.
2, 5, 727
Suppose 64*x - 61*x - 24 = 0. Let o be (-982)/(-6) - x/(-24). Let l = -82 + o. What are the prime factors of l?
2, 41
Let y be 7/4 - 2 - 682/(-8). Let g = y - -341. What are the prime factors of g?
2, 3, 71
Let a = -106 - -129. Suppose -43 = -2*u - 2*u + 3*o, o + a = 2*u. Suppose 0 = x + u*x - 658. List the prime factors of x.
47
Let t = -29 + 109. Let g be 64/(-6)*(-17 - 124/(-8)). Let d = t - g. What are the prime factors of d?
2
Suppose -2*t = -6, 71 + 50 = 5*k - 3*t. Suppose 19*v + 1659 = k*v. Let u = v + -165. List the prime factors of u.
2, 3
Let i = -112 + 114. Let j be (3 - i)*-2 - -817. Suppose 2*m + j = 7*m. List the prime factors of m.
163
Let i(n) = 2*n**2 - 3. Let w(h) = h**2 - 10*h + 19. Suppose -6*g - 56 = -14*g. Let c be w(g). What are the prime factors of i(c)?
5
Let b = 276 + -50. Suppose -13 = g - 4*l - b, l = -g + 188. What are the prime factors of g?
193
Suppose -24*o + 3978 = -19*o + 2*j, -4*o - 5*j + 3196 = 0. What are the prime factors of o?
2, 397
Suppose 0 = 51*s - 50*s - 157. Let w = 45 + s. What are the prime factors of w?
2, 101
Suppose -4*y + z + 379 = 1131, 5*y + 961 = -4*z. Let v = -131 - y. Let j = 92 + v. What are the prime factors of j?
2, 3, 5
Let r(w) = 7*w + 182. Let m be r(-28). What are the prime factors of (m - -10)*(-426)/4?
2, 3, 71
Let o(f) = 3*f**3 - 12*f**2 + 14*f + 4. Let v be o(7). Let y = v + -227. List the prime factors of y.
2, 79
Suppose 18*v = 8*v + 40. Suppose -3*x + 185 = -v. Let m = x - -22. List the prime factors of m.
5, 17
Suppose 0 = 5*p - 1562 - 998. List the prime factors of p.
2
Let p(n) = 159*n**3 - 9*n**2 + 5*n - 3. Let k(m) = -m**2 + m - 1. Let d(t) = -6*k(t) + p(t). What are the prime factors of d(1)?
2, 79
Let h(j) = -4*j**2 - 37*j + 5. Let v(t) = -t**2 - 9*t + 1. Let w(b) = 2*h(b) - 9*v(b). Suppose 1159*q - 1154*q + 40 = 0. What are the prime factors of w(q)?
3
Let p(z) = -2*z + 19. Let j be p(8). Let s(m) = 26*m**2 + m**3 + 2*m**j - 13 - 7*m**2 - 33*m - 4*m**3. What are the prime factors of s(17)?
2
What are the prime factors of 30/(-18) + (732216/18 - -16)?
40693
Let n = 18570 - 13309. List the prime factors of n.
5261
Suppose 0 = -14*q + 189*q - 1033794 - 717081. What are the prime factors of q?
3, 5, 23, 29
Suppose -5184 = -4*y + 4*v, -2*v - 778 = 3*y - 4646. List the prime factors of y.
2, 17, 19
Let m be (-266)/(-5) + (-13)/65 - -5. Suppose 0 = -50*q + m*q - 12336. What are the prime factors of q?
2, 3, 257
Suppose 54161 + 18983 = 4*q + 7*a, 12 = 3*a. List the prime factors of q.
3, 677
Suppose -5*b - 2*l = -b - 4602, 4*b - 4620 = 4*l. Suppose 15*d + 1152 = 17*d + 3*o, 2*d - b = -2*o. What are the prime factors of d?
2, 3
List the prime factors of 535545/8 - (-4578)/5232.
2, 523
Suppose -247975 = -3*p - 4*i, 0 = 3*p + 86*i - 79*i - 247960. List the prime factors of p.
3, 5, 11, 167
Let m = 82413 + -35462. What are the prime factors of m?
29, 1619
Let b(d) = -d**3 + 16*d**2 - 9*d - 14. Suppose 5*y + 11 = -19. Let v be (5/(-1))/(-2 + (-10)/y). What are the prime factors of b(v)?
2, 19
List the prim